se -4*y - 164 = -2*y. Let z = -51 - y. Suppose 5 = 3*g - 28. What is the remainder when z is divided by g?
9
Suppose 37 = 3*r - r + h, 3*h = -2*r + 43. Let j(t) = 7*t**2 + t. Calculate the remainder when j(3) is divided by r.
15
Let j = -2 + -16. Let t be (15/(-9))/(3/j). Let r = t - 6. Calculate the remainder when 14 is divided by r.
2
Let g(a) = 5 + 5 - a + 2 + 0*a. What is the remainder when g(-8) is divided by 7?
6
Suppose 0 = -3*r - 3*v + 105, -124 = -4*r + 4*v - 0*v. Calculate the remainder when r is divided by 19.
14
Suppose -v + 89 = 3*t, -3*t = -3*v - v - 79. Calculate the remainder when t is divided by 8.
5
Suppose -45 = 4*y - 7*y. What is the remainder when 41 is divided by y?
11
Suppose -t = -4*t + 27. What is the remainder when 25 is divided by t?
7
Suppose 0 = w - 5 + 17. Calculate the remainder when 78/w*(-7 - -1) is divided by 10.
9
Let n = -4 + 6. What is the remainder when -76*n/(-12)*3 is divided by 10?
8
Let i be -15 - (0 - (-6)/(-3)). Let q = -8 - i. Suppose 0 = 3*p - 0*p - q*t + 11, -3*p - t = -13. Calculate the remainder when 7 is divided by p.
1
Suppose -2*u + 4*b + 52 = 2*u, -2*u - b + 41 = 0. Let q = u - 13. What is the remainder when 13 is divided by q?
3
Let t(m) = -m**3 - 3*m**2 + 3*m - 3. Let l be -4*((-2)/2)/(-1). Let v be t(l). Calculate the remainder when 2 is divided by 4 + -5 - (-2 - v).
0
Let c be (-10)/((-3)/3*1). Suppose -8*h + c*h = 124. Calculate the remainder when h is divided by 21.
20
Let q be (-3)/(-6)*(-4)/1. Suppose -2*j - 4*g = j - 174, -285 = -5*j - 5*g. Calculate the remainder when j is divided by q*2/4*-14.
12
Let u = 88 + -80. What is the remainder when 87 is divided by u?
7
Let p = 6 + 22. What is the remainder when p is divided by 6?
4
Let z(i) = i**3 + 5*i**2 - 13*i + 10. What is the remainder when z(-7) is divided by 1?
0
Let j(t) = t**2 + 5*t - 5. Suppose 8 = 4*h, 2*h - 28 = -0*w + 4*w. Calculate the remainder when 1 is divided by j(w).
0
Suppose 4*m + 3 = 43. What is the remainder when 24 is divided by m?
4
Suppose -7*p + 77 = -0*p. What is the remainder when 15 is divided by p?
4
Suppose -o - 496 = -4*f, -3*f = -0*f - o - 373. Let k be f/2 + (-3)/6. Let p = k + -42. What is the remainder when p is divided by 7?
5
What is the remainder when 3 is divided by 9/6*8/6?
1
Let l(n) = n**3 - 2*n**2 - 1. Let o = 38 - 23. What is the remainder when o is divided by l(3)?
7
Calculate the remainder when -15 + 11 + (1 - -114) is divided by 38.
35
Let f be -2*(3/2 + 0). Let l be -1 + 0/(3 - 2). What is the remainder when 7 is divided by 3 + (l - (2 + f))?
1
What is the remainder when 13 is divided by 98/70 + (-6)/(-10) - -6?
5
Let j(c) = -11*c + 198. What is the remainder when j(15) is divided by 4*1*34/8?
16
Let v be (-2)/(-6) - 56/(-12). Let m = 10 - v. Suppose 3*s + 1 = 4, 4*s = -2*h + 30. Calculate the remainder when h is divided by m.
3
Let f be -5 + 47 + 1*-1. Let q = f - 28. What is the remainder when q is divided by 4?
1
Suppose 3*q - 24 = -q. Calculate the remainder when 17 is divided by q.
5
Calculate the remainder when 47 is divided by 2 - 5 - 22/(-2).
7
Calculate the remainder when 3 is divided by 68/20 - 2/5.
0
Let q(s) = -s**3 + 9*s**2 - s + 4. Let i be q(4). Suppose -5*v - 15 = -i. What is the remainder when 51 is divided by v?
12
Let i(h) = h**2 + 3*h. Let g be i(-4). Let y = 15 - g. Suppose 3*t = -4*c + 17, -25*t - c = -23*t - 8. What is the remainder when y is divided by t?
2
Let m = 0 + 3. Suppose -57 = -m*n - 5*q, 0 = 4*n - q + 10 - 63. Let g(r) = -r**2 + r + 40. What is the remainder when g(0) is divided by n?
12
Let x(h) = 6*h - 16. Let n = 0 + 6. Let u(a) = 5*a - 15. Let y(t) = n*x(t) - 7*u(t). What is the remainder when 7 is divided by y(-5)?
3
Suppose 6*j - 295 = j. Suppose -2*t - 4*c = -22, -2*t + 5*c = t. Suppose 0 = -0*n - t*n + 100. What is the remainder when j is divided by n?
19
Let y(d) = 0*d**3 - 6*d**2 + 5*d**3 - 5*d + 4 - 4*d**3. Let i = -1 + 11. Calculate the remainder when y(7) is divided by i.
8
Suppose 4*q - 147 = -5*r, -63 = -2*r - 10*q + 7*q. Calculate the remainder when 105 is divided by r.
24
Suppose -2 + 4 = -d + 3*n, 5*n + 1 = 2*d. Suppose g - d = -0. Calculate the remainder when 49 is divided by g.
10
Let w(f) = -11*f**3 + f**2 + 2*f + 1. Let j be 2/8 + 10/(-8). Suppose -m + 35 = 3*i, 4*i - 52 = -m - 12. What is the remainder when m is divided by w(j)?
9
Suppose -5 = -6*i + 7. Suppose m - 48 = -2*y, 6*y - 138 = y + i*m. Calculate the remainder when 103 is divided by y.
25
Suppose 0 = y - 17 + 2. Let m(v) = -10*v + 2. What is the remainder when m(-3) is divided by 106/10 - (-6)/y?
10
Let k(c) = -c + 11. Calculate the remainder when 11 is divided by k(7).
3
Let l = 150 + -72. Suppose -n - 2*d = -3*n + 36, -2*n = -4*d - 32. Calculate the remainder when l is divided by n.
18
Let q = 0 - 3. Suppose 32 = 4*f - 5*w, -4*w - 20 = -9*w. What is the remainder when f is divided by (10/(-6))/(1/q)?
3
Suppose 3*w - 52 = -w. Let g = -48 + 98. What is the remainder when g is divided by w?
11
Suppose 3*v + x - 38 = -4, -2*v + 5*x = 0. Calculate the remainder when 37 is divided by v.
7
Suppose 4*a - 5*t = 101, -2*a + 10 + 35 = 3*t. Calculate the remainder when a is divided by (-1 - -3) + (1 - -10).
11
Suppose -34*k + 33*k = -33. What is the remainder when 196 is divided by k?
31
Let a(i) = i**3 + 3*i**2 - 5*i - 1. Calculate the remainder when 9 is divided by a(-4).
0
Suppose -2*z = -5*z + 63. Suppose z + 14 = 5*n. Calculate the remainder when n is divided by 3.
1
What is the remainder when -1 + 2/(4/22) is divided by 3?
1
Suppose 3*a - 73 = -4*c, 5*a + 3*c + 2*c - 125 = 0. What is the remainder when a is divided by 15?
12
Suppose -4*q = q + f - 260, -2*q = -2*f - 92. Calculate the remainder when 251 is divided by q.
47
Suppose -5*a - 61 = -2*h, -70 = -2*h - 3*a - 1. Suppose -43 = -4*i + h. Calculate the remainder when i is divided by 5.
4
Suppose 3*j = -4*h + 107, 5*j - 135 = 2*h - 0*h. Suppose 3*g + 11 = -w - 40, 4*w = 3*g + 36. Let z = g - -31. What is the remainder when j is divided by z?
14
Suppose 4*k - 3*k = 3*l + 6, 0 = -3*k - 3*l - 18. Let f be 27 - (2 - (-9)/k). Suppose 0*c = 2*c - f. Calculate the remainder when 40 is divided by c.
12
Suppose 2*n + 3*i + 21 = -n, 4*n = -5*i - 28. Let l = n + 25. Suppose -2*q - 2*d + 0 = -70, 4*q = 4*d + 140. What is the remainder when q is divided by l?
17
Let d = -44 + 88. What is the remainder when d is divided by 15?
14
Suppose 6*o = -158 + 1100. Calculate the remainder when o is divided by 5.
2
Let i(p) = 2 - p + 3*p - 14 + 0*p. Suppose 4*x = -5*n + 18 + 18, -x = -5*n + 41. Calculate the remainder when 11 is divided by i(n).
3
Suppose -4*p + j = 2*j - 56, -4*j = 2*p - 42. What is the remainder when 174/6 - (3 - -1) is divided by p?
12
Let y(c) = -c**2 - 18*c + 12. Calculate the remainder when y(-11) is divided by 13.
11
Suppose -2*h + 462 = 4*h. What is the remainder when h is divided by 40?
37
Suppose 3*o - 9 = 0, -u + 35 = 3*u + 5*o. Let j = 9 - u. What is the remainder when j is divided by 2?
0
Let l(h) = h**3 + 5*h**2 + h - 1. Let x = -8 - -4. Calculate the remainder when 42 is divided by l(x).
9
Let r(i) = -i**3 - 8*i**2 + 11. Calculate the remainder when 19 is divided by r(-8).
8
Suppose -5*b = 3*s + 512, -6*s + s - 420 = 4*b. Calculate the remainder when (b/6)/((-2)/3) is divided by 9.
7
Let k = -13 - -29. Let h be 56/(-6)*(-3)/1. Suppose 0 = -4*z + h - 4. What is the remainder when k is divided by z?
4
Let z(f) = -2*f**2 - 4*f + 2. Let p be z(-5). Let l = -15 - p. Suppose -2*r - 114 = -5*k + 70, -2*r + 44 = k. What is the remainder when k is divided by l?
12
Let q be ((-1)/1)/((-2)/86). Suppose -j + 3*j = -3*d + q, -5*d = -5*j + 70. Let t = 14 - 8. What is the remainder when j is divided by t?
5
Suppose -5*u + 70 = -130. What is the remainder when 117 is divided by u?
37
Let l = -1 + 15. What is the remainder when 11 is divided by (-2)/(8/l)*-2?
4
Let m = 0 + 3. Suppose 0*g - g - 68 = -4*d, m*d - g - 50 = 0. Calculate the remainder when 52 is divided by d.
16
Let p(g) = 8*g**2 - g + 2. Let k = -20 - -39. What is the remainder when p(-2) is divided by k?
17
Let v(o) = -8*o - 3. Let k(p) = -p**3 - 7*p**2 - 5. Let m be k(-7). Calculate the remainder when v(m) is divided by 19.
18
Let j = 0 - -3. Suppose -j*n - n = -4